 -5
-1
(-13 - -11) + 10 + -2
6
Calculate -1 + 4 + -6 + 3 + 2.
2
-3 - (3 - 5 - 3)
2
What is 7 + 4 + -7 + -9 - -2?
-3
(3 - (1 + 0)) + (-4 - -5)
3
Calculate 1 + 6 + -10 + 1 + 8.
6
Calculate 4 + -3 + -5 + 5 + -2.
-1
What is 0 + 8 + (5 - -8 - 14)?
7
Calculate -11 - (-5 - (0 + 1)).
-5
Evaluate 26 + -26 - (0 + 3).
-3
Evaluate 6 - (5 - ((3 - -2) + -4)).
2
What is (55 - 45) + (0 - 3)?
7
Calculate 2 - (-1 + 5 - (-2 - -2)).
-2
Evaluate -10 + (-7 - -1) + 10.
-6
-9 - ((-9 - -1) + -4 + 8)
-5
What is the value of 2 + -3 - (1 - -2)?
-4
What is the value of 0 - (-4 + (1 - -1))?
2
What is the value of 4 - (4 + (5 - 4))?
-1
-5 + 1 + 5 - 5
-4
What is the value of 13 - (7 + -4 + (-4 - -8))?
6
What is the value of (-3 - 11) + (7 - (1 + 0))?
-8
Evaluate (2 - 0) + 0 + 8 + -10.
0
What is -4 + 5 + 2 + -6 + 5?
2
Evaluate 7 + -1 - (26 + -17).
-3
Calculate 11 + (10 + -19 - -2).
4
Calculate -4 + (6 - -9 - 9).
2
What is the value of -33 + 31 + 0 + -1?
-3
What is 31 - 39 - (-3 - -1)?
-6
Calculate 1 + (-2 - (0 + 1) - -3).
1
Evaluate -53 - -48 - (-1 - 5).
1
2 + ((-6 - -2) + 0 - -4)
2
What is 4 + -10 - (-3 - 0)?
-3
What is 0 - -4 - (1 - (4 - 3))?
4
2 + -5 + 2 - -4 - 1
2
4 + (-4 - (-11 + 19))
-8
93 + -89 + (-5 - (1 - 1))
-1
What is the value of 4 - -4 - 0 - (-12 + 19)?
1
Evaluate -11 + 0 - -23 - 7.
5
Evaluate (-3 - -9) + -3 + -6.
-3
Calculate (-7 - -5) + (-1 - 1).
-4
Evaluate -7 - -2 - (6 - (16 - 5)).
0
(24 - 3) + -8 + -4 + -6
3
Evaluate 3 - (4 + -3) - (0 + 2).
0
What is the value of 10 + (-7 - -1) + (-15 - -16)?
5
Evaluate (8 - -1) + -5 - (-4 + 11).
-3
Evaluate -6 + (31 + -29 - (-3 + -1)).
0
3 - (-3 - (-3 + 0))
3
What is 83 - 92 - (-13 + 1)?
3
Evaluate -9 - (2 + (-3 - 0) + -3).
-5
What is the value of 1 + (0 + -2 - -3)?
2
Calculate 2 + (-3 - (2 - -4)) - -12.
5
What is -3 + -2 + -3 + 11?
3
What is the value of 3 - (-2 - -3 - (-5 - -9))?
6
What is 5 - 1 - (4 - 1)?
1
Calculate 1 + 6 + -11 + -1.
-5
4 + (-3 - (0 - 5)) + -3
3
What is the value of -4 - (5 + (-3 - 0) - 11)?
5
Calculate 2 - (-5 + 8) - -5.
4
5 + -11 + -9 + 6
-9
What is 0 + 3 - (-1 + 5) - -2?
1
What is (-2 - -9) + -7 + -7?
-7
Evaluate -10 - (-9 + (-1 - -4)).
-4
2 + (-2 - -3 - (-3 - -5))
1
Evaluate (-2 - -1 - 3) + 6 + -1.
1
1 - ((-4 - (-10 - -6)) + -3)
4
What is the value of 0 + 5 + (-32 - -31) + 2?
6
5 - -2 - (3 + 1) - 8
-5
What is 0 - (-4 + 4) - 4?
-4
What is 12 + -11 - (2 - -3)?
-4
What is 10 + -15 + 11 + -6 + 0?
0
-2 + 1 + -1 + 4 + -2
0
-37 + 13 + 12 - -6
-6
24 + 0 + -24 + (0 - 3)
-3
(0 - -9) + (9 - -1) + -10
9
Calculate 3 - (-1 + -1) - (1 - -5).
-1
What is 2 - (-7 + 2 + 2)?
5
What is the value of (-4 - -3 - -3) + -3?
-1
(-3 - (-6 - -17)) + 9
-5
Evaluate -8 - (-18 + 14 + -6).
2
What is the value of (1 - (-2 + 9)) + 10?
4
What is the value of -7 - -16 - (11 - 0)?
-2
Evaluate 1 + (-3 - 3) + -3 + 2.
-6
2 - (2 + -6 + 3)
3
What is 1 - 5 - (11 - (16 - 0))?
1
Calculate -12 + 23 - 14 - -12.
9
What is the value of 0 + -5 + -3 - -7?
-1
Calculate -29 + 35 + 0 + -1.
5
Calculate 9 - 9 - 2 - 6.
-8
-4 + (10 + -5 - -1)
2
What is the value of 2 + -1 + (6 - 9) - 4?
-6
What is -2 - 2 - (5 - (3 + 5))?
-1
Calculate (2 - 1) + (-35 - -37).
3
Calculate 4 + 0 + -10 - -1.
-5
(-17 - -8) + 4 + 0
-5
What is -8 + (5 - 3) + 3?
-3
Calculate -1 + -1 - (1 - 8).
5
What is 0 - (-1 + (0 - 3) + 2)?
2
Calculate -6 - (-18 + 6 - -5).
1
-1 + -6 + 2 + 1
-4
-5 + 0 + 3 + -5 + 1
-6
3 + (-3 - (1 - 6)) + -2
3
-1 + 10 + (-5 - 1) + 3
6
Calculate 2 + 0 + (-5 - (8 - 13)).
2
-6 + -5 + 11 + 0
0
Evaluate 2 + (-4 - 0) + (0 - 1).
-3
Calculate (-5 - (-11 - 1)) + -3.
4
What is the value of 5 - (13 + 1 + -5 - 4)?
0
-2 - (-8 + 4 - (1 + -5))
-2
Calculate 79 - 84 - (-5 + -1).
1
Calculate 0 + 6 + 2 + 2.
10
What is 4 + -6 - (-2 + 0) - 10?
-10
Calculate 0 + (3 - (0 - 1)).
4
What is the value of -1 + -7 + (-56 - -67)?
3
Evaluate 1 - (-2 - -4) - (-7 - -8).
-2
6 + 0 + -1 - 3
2
6 + -13 + (-3 - -1) + 2
-7
Calculate -2 + (0 - (-14 - -7)).
5
What is the value of 5 - 3 - 0 - (6 + -1)?
-3
What is the value of -3 - (-4 - ((3 - 5) + 4))?
3
3 + (-8 + 4 - -5) - 8
-4
Calculate 3 + (0 - (11 - 4)).
-4
What is the value of (-1 - 2) + -2 - -5?
0
Calculate 2 + -5 - -2 - (-1 - -3).
-3
Calculate (-2 - (-1 + -1)) + (4 - 2).
2
What is 0 + (-2 - -3) + 0?
1
(-3 - 1) + -2 + 3 + -7
-10
Calculate 5 + 4 + 0 + -10 + -5.
-6
Evaluate (-12 - 2) + 7 - -2.
-5
What is 7 - ((6 - 8) + 4)?
5
Calculate 4 - ((3 - 12) + 15).
-2
-17 + 7 + 10 + -5
-5
What is the value of (12 - (6 + 2)) + -1 + -4?
-1
What is -6 - (7 + (-3 - 8))?
-2
Calculate 2 - -8 - (29 + -27).
8
-2 + 1 + -11 + (-4 - -11)
-5
What is the value of -5 - (-7 + 9) - -10?
3
What is -2 + 3 + (5 - 5)?
1
Calculate -1 - -3 - (2 + -2 + -1).
3
Evaluate (-3 - -8 - 6) + 2.
1
What is the value of -7 + 8 + -7 - -11?
5
What is 2 + -3 - (-2 - -3) - 2?
-4
6 + 0 - (-9 + (-1 - -11))
5
11 + (6 + -3 - 10)
4
Evaluate 0 + 0 + (4 - 1) + 2.
5
-1 - (-6 + 2) - (19 + -18)
2
Calculate -3 + 2 - (0 + -1 + -1).
1
Evaluate 1 - 12 - (-105 + 94).
0
What is the value of -1 + -1 + (4 + -12 - -12)?
2
What is -5 - (-5 + 4 - 1)?
-3
Evaluate 4 + 5 + -4 - 0.
5
What is the value of 1 + (-1 - -1 - -1) + -5?
-3
Evaluate -1 + -3 + 3 + 0 + 1.
0
What is 2 + (2 - 0 - (-1 + 5))?
0
What is the value of -10 + 3 + 6 + 5?
4
What is 10 + -12 - (-2 + (1 - 6))?
5
1 + (5 - (6 + -6))
6
Calculate -1 - -3 - -4 - (52 - 47).
1
Calculate -3 - (-1 + 5 + -1 + -1).
-5
What is 6 + (-5 - 0) - -6?
7
Calculate -5 - (2 - 1 - 4).
-2
4 + (4 - 14) + 3
-3
What is 12 - 14 - (-2 + (-1 - 2))?
3
What is the value of (-7 + 4 + -1 - -4) + -5?
-5
What is -1 + 6 - -10 - 8?
7
Calculate 0 + (6 - (-4 - -5)).
5
(3 - (-1 - 0)) + -4
0
1 - ((-4 - -1) + 1 + 1)
2
-12 - -6 - (-12 + 2)
4
What is the value of (-18 - -21) + -5 + 0?
-2
What is the value of 1 + (1 + -11 - -6)?
-3
Evaluate 2 + -4 - (-23 + 17).
4
What is the value of -7 + -6 + 4 + 7?
-2
What is -11 + 25 - 11 - 5?
-2
7 + 2 + -14 + 6
1
Calculate 17 + -5 + 3 + (-3 - 2).
10
Calculate (2 + -1 - -2) + -2 + -2.
-1
What is the value of 9 + (-2 + -12 - 0)?
-5
Calculate -4 + -3 + 8 - 2.
-1
What is -2 + (-3 - (5 + -4))?
-6
What is (4 - ((1 - -2) + 0)) + 3?
4
What is the value of 5 + -2 + 7 - 10?
0
What is the value of (-5 - (0 - 0)) + (-25 - -26)?
-4
-25 + 19 + (11 - 0)
5
What is the value of -21 + (2 + 2 - -8)?
-9
What is (2 - 0) + 3 - (7 - 3)?
1
Calculate 4 + (2 - 10) + (0 - 2).
-6
What is 4 - 2 - (-1 + (2 - 2))?
3
Evaluate -7 + (4 - 4) + 0 + 6.
-1
(-1 - 0) + -2 + 5 + -6
-4
Calculate (-2 - (2 + -1)) + 3.
0
What is (-1 - 0 - 2) + 48 + -42?
3
Evaluate (-4 - 0) + (-5 - -3).
-6
(-10 + 14 - (-3 - -2)) + 4
9
Evaluate -4 - -2 - (58 - 54).
-6
Calculate -2 + 2 + (0 - -5).
5
What is the value of -2 + (1 - 1) + (4 - 5)?
-3
What is the value of 2 - (0 + -1 + (-7 - -6))?
4
What is the value of -12 + (-1 - -12) + -4 + -2?
-7
What is the value of 2 + -2 + 1 + 2?
3
What is the value of 3 + 2 + (2 - 3)?
4
Calculate -2 + -2 + 2 + -5 - 0.
-7
What is the value of 2 + -8 - (-3 - (4 + 5))?
6
What is -4 + (-5 + 7 + 0 - 5)?
-7
(11 + -23 - -19) + -16
-9
Calculate 2 + (-2 - 10) - (41 + -42).
-9
Calculate 2 + 1 + (-3 - 0).
0
What is 1 + -1 - (-3 - -6 - 5)?
2
What is -8 + (12 - 7) + -2?
-5
Calculate -4 + (3 - (-1 + (0 - -2))).
-2
What is the value of 0 + -1 + (-1 - 1) - 2?
-5
-5 - (5 - 9 - (-5 + 1))
-5
Calculate (-10 - -6) + (0 - (-2 + 2)).
-4
(1 - 14) + -2 + 11
-4
What is -2 + 1 - (-5 - (-3 + 1))?
2
What is the value of -11 - (1 + -2 - 7)?
-3
Evaluate -30 + 15 - (-13 + 1).
-3
4 + (0 - (0 + 1))
3
What is the value of (-3 - (0 + -12)) + -6?
3
What is the value of -6 + -8 + 2 + 17?
5
1 - -3 - (-7 + 3 - -6)
2
What is 71 - 56 - (11 - 2)?
6
What is the value of -12 - -13 - ((-5 - -2) + -5)?
9
(4 - -2) + -3 - -1
4
Calculate 7 + (-3 - (-3 + 6 + -6)).
7
4 + 2 - 4 - (-27 - -21)
8
What is the value of (-2 + 8 - 10) + 11 - 1?
6
What is 7 + -10 - (0 - 2)?
-1
-85 + 99 + (-1 - 6)
7
0 + 1 - (14 + -17)
4
-4 - (-4 - 2 - (2 + 2))
6
What is the value of (12 - 20) + -8 - -9?
-7
What is (-2 - 4) + (21 - 5 - 6)?
4
Evaluate 0 + -2 + (4 - 3).
-1
Evaluate 9 - (18 - (-8 + 17)).
0
What is -5 + (1 - (-4 + -1))?
1
Evaluate 5 + 2 + (-4 - 1) + 2.
4
Calculate -1 - 3 - (-4 - -3).
-3
What is the value of ((2 - 3) + -1 - 0) + -3?
-5
Calculate (4 - 4 - (-2 - -5)) + 6.
3
What is 1 + (-9 - (-13 + 2))?
3
What is 7 + (1 - (1 - (-7 + 9)))?
9
Calculate 1 + 4 + (5 - 6